-100011 + -1110011101110000?
-1110011110010011
In base 8, what is -30624761 - 2?
-30624763
In base 5, what is -400421 + 41043?
-304323
In base 5, what is 114400244222 - 10?
114400244212
In base 7, what is -4 + 15412665?
15412661
In base 11, what is -669172 + -947?
-66a009
In base 12, what is -28a12 + 179?
-28855
In base 5, what is -1122343220340 + -4?
-1122343220344
In base 12, what is 26a + 7893ba?
789668
In base 10, what is 172009 - 203?
171806
In base 10, what is 31185 - -272?
31457
In base 3, what is -21 + 20101202211021?
20101202211000
In base 6, what is -1 + 114554442235?
114554442234
In base 14, what is -6317c4b - 5?
-6317c52
In base 10, what is -1704 + -224666?
-226370
In base 4, what is -210322233020000 + -3?
-210322233020003
In base 8, what is -545 + 100067?
77322
In base 4, what is -11213 - -13300320?
13223101
In base 13, what is -36a6050 - 3?
-36a6053
In base 2, what is 111101011111 - 100110110010111?
-11111000111000
In base 10, what is -14 - -3187615?
3187601
In base 2, what is 1010000010100011000 + 11?
1010000010100011011
In base 14, what is -452ab6 + -6?
-452abc
In base 14, what is 104181a - -6?
1041822
In base 12, what is b91136 + -2?
b91134
In base 6, what is 150 - 10143104?
-10142514
In base 14, what is -2 - -a9b9211?
a9b920d
In base 6, what is -452 + 4443421?
4442525
In base 14, what is 13dad - -12c?
140db
In base 10, what is -2640 - 14910?
-17550
In base 13, what is -105b - c49?
-1ca7
In base 12, what is -2138b1 + 21?
-213890
In base 4, what is 11032303130 - -10?
11032303200
In base 11, what is -111 - 8979a?
-89900
In base 7, what is 0 + -21105606?
-21105606
In base 16, what is 805aa8df + -4?
805aa8db
In base 14, what is 1 + 25d32219?
25d3221a
In base 9, what is -27 - 3388753?
-3388781
In base 6, what is -353533223 + -2?
-353533225
In base 10, what is 5974 - -6211?
12185
In base 16, what is 56 + 6b1b50?
6b1ba6
In base 5, what is 34014001 + -302?
34013144
In base 12, what is -1713 - 295b?
-4472
In base 14, what is 20a6850 - 8?
20a6846
In base 7, what is -1 - -35204016?
35204015
In base 12, what is 57573 - 47?
57528
In base 12, what is -235 + 18854?
1861b
In base 2, what is 101101101 + 11110010001111?
11110111111100
In base 13, what is -34226 - 64?
-3428a
In base 9, what is -38200 + -420?
-38620
In base 14, what is 1502728 + -3?
1502725
In base 12, what is -215 + a628?
a413
In base 7, what is -1 - 12521564?
-12521565
In base 6, what is 5 + -3111315332?
-3111315323
In base 16, what is 5 + 2a691d?
2a6922
In base 5, what is 24141213 - 304?
24140404
In base 11, what is 7815 - -10654?
18369
In base 14, what is 49d4a3b + -8?
49d4a33
In base 9, what is 66714 + 812?
67626
In base 11, what is -2 + 831914?
831912
In base 3, what is -11012002120 + -20111202?
-11102121022
In base 2, what is -11101100111101010001010011000 + -101?
-11101100111101010001010011101
In base 12, what is 655180 + -14?
655168
In base 13, what is 112225 + -386?
111b6c
In base 11, what is a7 - -2612960?
2612a57
In base 7, what is 6 - -5120516?
5120525
In base 9, what is 2 + -312800508?
-312800506
In base 10, what is -18415 - -6580?
-11835
In base 5, what is 20100411 + 2100?
20103011
In base 4, what is 111321001 + 0?
111321001
In base 13, what is 79327 + -19?
7930b
In base 16, what is 8c2ea + 0?
8c2ea
In base 12, what is 32a1 - -2aa?
358b
In base 2, what is 1000111101 - 11100101110101?
-11011100111000
In base 14, what is a1b + 414?
1031
In base 10, what is -9477185 + -3?
-9477188
In base 10, what is 4 - -237217221?
237217225
In base 3, what is -1102200 + 10110000?
2000100
In base 14, what is -2159 + -3042?
-519b
In base 14, what is -4a - 1a518?
-1a564
In base 13, what is 6145299 - 4?
6145295
In base 10, what is -10709 - 1686?
-12395
In base 3, what is -22 - -121120100222100?
121120100222001
In base 3, what is -12 - 210121212212020?
-210121212212102
In base 2, what is -110 + -100101100101011100100100?
-100101100101011100101010
In base 2, what is -1000111011100111100111111 + -11?
-1000111011100111101000010
In base 15, what is 31 - 86bd?
-868c
In base 7, what is 4114 + 131034?
135151
In base 16, what is -74b + -201b8?
-20903
In base 16, what is -2cf95 + -1ca?
-2d15f
In base 7, what is 35454432 + -35?
35454364
In base 12, what is 703 + 38b2?
43b5
In base 16, what is -643847b + 3?
-6438478
In base 11, what is -288951 - 43?
-288994
In base 10, what is 319795 - -1479?
321274
In base 9, what is -25302 - 33167?
-58470
In base 13, what is -7676 + -3250?
-a8c6
In base 3, what is -20220 + 1212012210111?
1212012112121
In base 9, what is 430436 - 722?
428614
In base 2, what is -1100110100101101011001 + 0?
-1100110100101101011001
In base 14, what is 31a76 + -137b?
306d9
In base 12, what is 3745bb5 + -12?
3745ba3
In base 9, what is 101564 + -26034?
64530
In base 10, what is -7 + 13530268?
13530261
In base 13, what is -167b84 - -8?
-167b79
In base 14, what is -19 - 458d1?
-4590a
In base 2, what is 11101011100110111001000 + -101?
11101011100110111000011
In base 5, what is 30440403 - 12103?
30423300
In base 16, what is -2 - -248c55?
248c53
In base 5, what is 33012011 - -1401?
33013412
In base 4, what is 12020112 - -111?
12020223
In base 16, what is 13d1 - -4aca?
5e9b
In base 4, what is -101 + 101110100?
101103333
In base 4, what is -2 - 110130220311?
-110130220313
In base 10, what is 416612 + -18?
416594
In base 8, what is -257 + 131042?
130563
In base 3, what is 22112020202 - 100100?
22111220102
In base 9, what is -10738530 - -4?
-10738525
In base 12, what is 108 - 118a8?
-117a0
In base 2, what is 101001100111000001 - 1110100?
101001100101001101
In base 12, what is 2240b - 17?
223b4
In base 4, what is 2 + -212301010003?
-212301010001
In base 14, what is -162abb + 4?
-162ab7
In base 10, what is 3772324 + 1?
3772325
In base 9, what is -18 + 307651?
307632
In base 10, what is -2388948 - 3?
-2388951
In base 3, what is -1022122210210020 + 111?
-1022122210202202
In base 10, what is -1 - 22206904?
-22206905
In base 12, what is 19 - 149787?
-14976a
In base 3, what is -210201202102 + -1221121?
-210210201000
In base 6, what is -21141241243 - -3?
-21141241240
In base 16, what is -25267ca - -8?
-25267c2
In base 3, what is -12 + 12021021202010021?
12021021202010002
In base 3, what is -22200 + -1012221220?
-1020021120
In base 7, what is 446 + -2653661?
-2653212
In base 7, what is 0 + -16536266?
-16536266
In base 12, what is 99 - 1173413?
-1173336
In base 6, what is -5251005 - -4413?
-5242152
In base 14, what is -5 - 5c3a82a?
-5c3a831
In base 14, what is 271b - 19c?
255d
In base 14, what is -19b - -33485d?
3346a2
In base 12, what is -37 - 5a6a28b?
-5a6a306
In base 14, what is -200a + -2b?
-2037
In base 8, what is -1024350 + 2207?
-1022141
In base 9, what is 40163383 - 2?
40163381
In base 6, what is 3 + 414340101?
414340104
In base 7, what is 10036 + -3365?
3341
In base 4, what is -2 - 133023302032?
-133023302100
In base 2, what is 10001100110000010001011100 + 11?
10001100110000010001011111
In base 14, what is -bb22 - -4c43?
-6cbd
In base 14, what is -1370c - 36?
-13744
In base 16, what is -3f2159 + -2?
-3f215b
In base 3, what is 2010 + 20112122111?
20112201121
In base 10, what is -115 + 74068?
73953
In base 3, what is -11 + -22101010112022001?
-22101010112022012
In base 12, what is -81813 - 6b7?
-8230a
In base 6, what is 4 - 13200435?
-13200431
In base 14, what is 599a - 1da?
57a0
In base 14, what is -469804 + -17?
-46981b
In base 13, what is -c - -140cc03?
140cbc4
In base 13, what is b168 - 1ab?
ac8a
In base 11, what is 55261 - -659?
5590a
In base 7, what is 10202134 - 20?
10202114
In base 10, what is -146472527 + 2?
-146472525
In base 7, what is -105631 + 545?
-105053
In base 2, what is 1001011001111000001010 + -11000011?
1001011001110101000111
In base 6, what is -15 - -5314042?
5314023
In base 12, what is 34695ab + 14?
3469603
In base 10, what is -8534 - 11312?
-19846
In base 2, what is 110111110101110101 - -110000110?
110111111011111011
In base 11, what is 4 - -679a78?
679a81
In base 10, what is 230 + -453311?
-453081
In base 3, what is 112222022 - 122101?
112022221
In base 14, what is -96 - 355a45?
-355adb
In base 3, what is -12120012120010 + 21?
-12120012112212
In base 15, what is 4764c90 - 1?
4764c8e
In base 14, what is -bc1 - 2508a?
-25c6b
In base 2, what is -110101110 - 101000101011000